= -l*u - u, 4*v - y = -5*u. What are the prime factors of u?
23
Let d(f) = 6*f - 1. Let r be d(1). Let l(t) = t**3 + t**2 - 16*t + 6. Let m be l(5). Suppose 201 = r*n + m. List the prime factors of n.
5
Suppose -293*p = -298*p + 450. What are the prime factors of p?
2, 3, 5
Let r = 10 - 39. Let a = r + 32. What are the prime factors of -4 + a + -3 + 30?
2, 13
Let m(x) = -x**3 + 14*x**2 + 37*x - 16. What are the prime factors of m(16)?
2
Let n be (1 + 0)/((-3)/(-15)). Suppose -6*b + 45 = -n*b. Suppose 2*m + k = m + 36, 0 = -m + 2*k + b. What are the prime factors of m?
3, 13
Let g = 3521 - 679. What are the prime factors of g?
2, 7, 29
Let a = 890 + -504. List the prime factors of a.
2, 193
Let x(f) be the third derivative of -f**6/120 + 3*f**5/20 - f**4/24 - 25*f**3/6 + 14*f**2. List the prime factors of x(8).
31
Let d = 18 + -19. Let s(q) = -126*q - 1. Let a be s(d). Suppose g = 5*n - a, 25 = -3*n + 4*n + 3*g. What are the prime factors of n?
5
Suppose w - 2*k + 18 = 3*w, -5*w + 2*k = -10. Suppose -4*n + 177 = 5*s, 0 = -3*s - 2*n - n + 108. Suppose -w*q + 63 + s = 0. List the prime factors of q.
2, 3
Let a = 2096 + -340. List the prime factors of a.
2, 439
Let j(o) = -4*o - 23. Let f be j(-7). Suppose f*r - 99 = -3*a + 516, -3*a + 15 = 0. List the prime factors of r.
2, 3, 5
Let d(i) = i**3 + 6*i**2 + i - 4. Suppose 4*u - y = -16, -5*u + 4*u + 5*y + 15 = 0. Let h = u - 0. What are the prime factors of d(h)?
2
Let w(g) = 63*g**3 - 2*g**2 + 3*g + 2. What are the prime factors of w(2)?
2, 3, 7
Let t(v) = 93*v**2 - 19*v + 13. List the prime factors of t(6).
17, 191
Let x(c) = c + 6. Let p be x(-6). Let r be (-9)/(-4) + 7/(-28). Suppose m = -3*z - 0*z + 4, r*m + 5*z - 8 = p. List the prime factors of m.
2
Let n(r) = -5*r - 6 + 4 + 19 + 5. List the prime factors of n(-9).
67
Let c = 1015 + 1204. List the prime factors of c.
7, 317
Let q(c) = 10*c + 20. Let u be q(9). Suppose -2*n = -4*n + u. What are the prime factors of n?
5, 11
Let b(t) = 117*t - 142. What are the prime factors of b(9)?
911
Let s = 101 + -97. Suppose 2*q + 250 = 4*q + s*n, q - 131 = -4*n. What are the prime factors of q?
7, 17
Suppose h = 3*t - 2, 6*h + 8 = 2*h - 5*t. Let c = 6 + h. Suppose r = s + 49, r - c*r + 149 = -2*s. List the prime factors of r.
3, 17
Suppose -130 - 35708 = -18*p. What are the prime factors of p?
11, 181
Suppose -2*r + 6*z = z - 4012, -4*r + 3*z = -8052. What are the prime factors of r?
2, 3, 7
Suppose 8064 = 3*x + 4*y, -61*y = -2*x - 58*y + 5376. List the prime factors of x.
2, 3, 7
Suppose -4*a = -2*w - 2, -2*a - 23 = -5*w + a. Suppose w*r - 50 = 405. List the prime factors of r.
5, 13
Let r = 5107 - 2611. List the prime factors of r.
2, 3, 13
Suppose 4*x - 7*x + 6 = 0. Let o = 8 - x. List the prime factors of ((-32)/o)/((-5)/15).
2
Suppose -42 = 3*q + 84. Let j = 71 + q. Let t = 53 - j. List the prime factors of t.
2, 3
Let p(g) = -g**3 - 7*g**2 + 13*g + 3. Let h = 0 - 9. Let b be p(h). Suppose 4*j - 2*j = b. What are the prime factors of j?
2, 3
Suppose 16*f = 22*f - 11502. List the prime factors of f.
3, 71
Let q = 91 + 2. Let n = q - 27. What are the prime factors of n?
2, 3, 11
Let d = 0 + -2. Let i = d - 76. Let f = -33 - i. What are the prime factors of f?
3, 5
Let k be (-8)/(-24)*(1 + -1). Let n be 33/(k + 4 + -5). Let l = 71 + n. List the prime factors of l.
2, 19
Let c(q) be the second derivative of -3*q**3 - q**2/2 + 2*q. Let b be c(-1). Suppose -3*a + b = -31. List the prime factors of a.
2
Let f(j) = 13*j + 27. Let m be f(13). Suppose 4*o = 52 + m. What are the prime factors of o?
2, 31
Suppose 3*h = -2*h + 25. Let x(l) be the first derivative of l**4/4 - 2*l**3 + 3*l**2 - 2*l - 1. What are the prime factors of x(h)?
3
Let u(l) = -47*l - 44. List the prime factors of u(-3).
97
Let j(m) = 63*m**3. Let d(c) = c**3 + 5*c**2 + 3*c - 3. Let k be d(-4). List the prime factors of j(k).
3, 7
Suppose 0 = 7*w - 2*w - 685. Suppose -3 - w = -5*t. List the prime factors of t.
2, 7
Let r be (-26)/(-3) - 8/(-24). Let n be ((-21)/(-4))/(r/(-36)). Let l = n - -41. List the prime factors of l.
2, 5
Let v(z) = z**2 - 9*z + 9. Let a(s) = -3*s**2 + 26*s - 27. Let t(n) = -6*a(n) - 17*v(n). List the prime factors of t(-8).
97
Suppose 4*k = -3*h + 12, 5*h - 2*k + 0 - 20 = 0. Suppose 0 = 5*m + h*u - 21, -3*m = -u - 11 - 5. Suppose -4*a = -m*a + 8. What are the prime factors of a?
2
Let p(n) = -3*n**2 + 118*n + 33. List the prime factors of p(37).
2, 73
Let y(x) = 165*x**3 - 2*x**2 + 3*x - 2. Let n be ((-7)/3 - -2)/((-1)/3). List the prime factors of y(n).
2, 41
Suppose -3*l + l + 6 = 0, -127 = b + 3*l. Let u = 64 + b. List the prime factors of 30/1*u/(-90).
2, 3
Suppose 1856 + 4108 = 6*c. List the prime factors of c.
2, 7, 71
What are the prime factors of 2*3/(-18)*3*-673?
673
Suppose -5*n = -1199 - 5836. What are the prime factors of n?
3, 7, 67
Let s = 4 + -6. Let l = -7 + 3. What are the prime factors of (l/(-3))/(s/(-24))?
2
Let b(s) = -173*s + 63. List the prime factors of b(-8).
1447
Let x = 3376 - 18. List the prime factors of x.
2, 23, 73
Let x = -1 + 79. Let z = -76 - -80. Suppose -z*f + x = -f. What are the prime factors of f?
2, 13
Suppose 0 = -2*p - 2*i + 8, -5*i - 5 = -2*p - 10*i. Suppose -p*v = -111 - 159. What are the prime factors of v?
2, 3
Suppose 4*j = 17*i - 18*i + 1107, 4*j = 3*i + 1127. List the prime factors of j.
2, 139
Suppose 4*h - 32 = 6*q - 2*q, 24 = 3*h + 4*q. Suppose 0 = 3*p - 6*p + 15. Let v = h - p. What are the prime factors of v?
3
Let c(l) = 16*l**2 + 7*l + 29. What are the prime factors of c(-7)?
2, 191
List the prime factors of 1 + (242/(-2))/(2/(-4)).
3
Let g(d) = d**3 - 11*d**2 + 12*d - 20. Let w be g(10). Suppose w*z - 258 = -6*z. List the prime factors of z.
43
Let m(p) = 546*p - 94. What are the prime factors of m(3)?
2, 193
Suppose 0 = -3*c - 3505 + 8689. List the prime factors of c.
2, 3
List the prime factors of 6 + -2 + 0 + 2 + 204.
2, 3, 5, 7
Let z(w) = w**2 + 5*w - 11. Let a be z(-6). Let j(v) be the first derivative of v**4/4 + 7*v**3/3 + v**2/2 - 7*v + 1. List the prime factors of j(a).
2, 19
Let w(d) = -d**3 + 9*d**2 + 13*d - 9. Let j(f) = -6*f**3 + 2*f**2 + f. Let c be j(-1). Suppose -m = c - 17. List the prime factors of w(m).
3, 7
Let b(n) = 38*n + 14. Let g be b(7). What are the prime factors of g/6 + (-11)/(-33)?
47
Let p(k) = 23*k**2 - 2*k + 2. Suppose 2*c = 22 - 20. List the prime factors of p(c).
23
Let k(t) = -22*t**3 - 2*t**2 - 7*t - 36. List the prime factors of k(-4).
2, 3, 19
Let c = -43 + 1257. What are the prime factors of c?
2, 607
Let h(v) = 2*v**2 + 9*v - 54. List the prime factors of h(-11).
89
Suppose 8*t - 11*t = -6. Suppose -3*a + 4*s + 22 = 0, -3*s = t*a - 10 - 16. List the prime factors of a/15*(11 - 2).
2, 3
Suppose -4*q + 21376 = 4*p, 13*q = 14*q - 2*p - 5353. What are the prime factors of q?
5347
Suppose -14*j = -19*j - 75. What are the prime factors of (1 - -117)/(-3*5/j)?
2, 59
List the prime factors of -5 + -1 + (-24852)/(-19).
2, 3, 7, 31
Suppose 0*j - 6 = -3*j, 44 = 4*p - 4*j. Suppose -p*u + 3168 = -2*u. List the prime factors of u.
2, 3
Suppose -2*n + 3 = -1. Suppose 5 = n*f + 1, i - 3*f = 51. List the prime factors of i.
3, 19
Let j be 18/24*(3 + 1). Suppose -5*l + 4*b + 1039 = 0, -j*l + b + 1036 = 2*l. Suppose -3*r = 3*h - 7*h - 209, -3*r + l = -3*h. What are the prime factors of r?
67
Let c = -500 + 886. What are the prime factors of -2*(-3)/12*c?
193
Let d(g) = 3*g**2 + 3*g + 21. List the prime factors of d(9).
3, 97
Suppose -2*x + 4*u + 35 = 1, -3*x + u = -36. Suppose -30 = -3*p + 81. Let a = p - x. List the prime factors of a.
2, 13
Let n(d) = -d**2 + 5*d - 6. Let u be n(4). What are the prime factors of u/(-14) + 594/7?
5, 17
List the prime factors of 1480/(-555)*(-1041)/4.
2, 347
Let u be 6/(-8)*(3 - -49). List the prime factors of 5 + -1 - u - 1.
2, 3, 7
Let b be 3 - 6 - -1 - -7. Let r = b - -11. Suppose g = r + 15. List the prime factors of g.
31
Let l(z) = -68*z - 1. Let h be l(-6). List the prime factors of (-1)/(-3) - h/(-3).
2, 17
Let i(k) = 1 + 42*k + 0 - 28*k. What are the prime factors of i(5)?
71
Suppose 0 = 4*c + 5*u + 176, 2*u - 95 = 2*c - 7. List the prime factors of (-2497)/c - 2/(-8).
3, 19
Let k be 2602/(-7) - 2/56*8. Let w = -103 - k. List the prime fact